{"id":109252,"date":"2026-03-10T17:55:39","date_gmt":"2026-03-10T17:55:39","guid":{"rendered":"https:\/\/atinainmobiliaria.com\/properties\/villa-in-mediterrane-stijl-in-balcon-al-mar-javea\/"},"modified":"2025-11-21T11:47:17","modified_gmt":"2025-11-21T11:47:17","slug":"villa-in-mediterrane-stijl-in-balcon-al-mar-javea","status":"publish","type":"properties","link":"https:\/\/atinainmobiliaria.com\/nl\/properties\/villa-in-mediterrane-stijl-in-balcon-al-mar-javea\/","title":{"rendered":"Villa in mediterrane stijl in Balc\u00f3n al Mar, J\u00e1vea!"},"content":{"rendered":"<p>Deze indrukwekkende villa van twee verdiepingen, gebouwd in 1979, ligt op een bevoorrechte locatie in Balc\u00f3n al Mar, J\u00e1vea, en biedt een onge\u00ebvenaard panoramisch uitzicht op zee.<\/p>\n<p>Het pand staat op een uitgestrekt perceel van 2.469 m\u00b2 en heeft een prachtige priv\u00e9tuin rondom het huis, perfect om in alle privacy te genieten van het mediterrane klimaat. Het heeft onder andere een priv\u00e9zwembad, een eigen waterput en een priv\u00e9garage met berging, waardoor het veel comfort en functionaliteit biedt. <\/p>\n<p>Binnen biedt de villa vier ruime slaapkamers met inbouwkasten, drie complete badkamers, een wasruimte en een onafhankelijke en volledig uitgeruste keuken. Daarnaast heeft de lichte woon-eetkamer een open haard en grote ramen die direct toegang geven tot het terras, waar je kunt genieten van het uitzicht op zee terwijl je ontspant. <\/p>\n<p>Alle deuren en ramen zijn voorzien van dubbel glas en tralies, waardoor veiligheid en isolatie gegarandeerd zijn.<\/p>\n<p>Mis deze kans niet om in een van de beste hoeken van Javea te wonen! Neem contact met ons op voor meer informatie of om een bezichtiging te regelen. <\/p>\n","protected":false},"featured_media":109528,"template":"","meta":[],"property_categories":[196],"city":[3],"zone":[21],"property-type":[228],"property-state":[198],"class_list":["post-109252","properties","type-properties","status-publish","has-post-thumbnail","hentry","property_categories-verkoop","city-javea","zone-balcon-al-mar","property-type-villa-nl","property-state-verkoop"],"_links":{"self":[{"href":"https:\/\/atinainmobiliaria.com\/nl\/wp-json\/wp\/v2\/properties\/109252","targetHints":{"allow":["GET"]}}],"collection":[{"href":"https:\/\/atinainmobiliaria.com\/nl\/wp-json\/wp\/v2\/properties"}],"about":[{"href":"https:\/\/atinainmobiliaria.com\/nl\/wp-json\/wp\/v2\/types\/properties"}],"wp:featuredmedia":[{"embeddable":true,"href":"https:\/\/atinainmobiliaria.com\/nl\/wp-json\/wp\/v2\/media\/109528"}],"wp:attachment":[{"href":"https:\/\/atinainmobiliaria.com\/nl\/wp-json\/wp\/v2\/media?parent=109252"}],"wp:term":[{"taxonomy":"property_categories","embeddable":true,"href":"https:\/\/atinainmobiliaria.com\/nl\/wp-json\/wp\/v2\/property_categories?post=109252"},{"taxonomy":"city","embeddable":true,"href":"https:\/\/atinainmobiliaria.com\/nl\/wp-json\/wp\/v2\/city?post=109252"},{"taxonomy":"zone","embeddable":true,"href":"https:\/\/atinainmobiliaria.com\/nl\/wp-json\/wp\/v2\/zone?post=109252"},{"taxonomy":"property-type","embeddable":true,"href":"https:\/\/atinainmobiliaria.com\/nl\/wp-json\/wp\/v2\/property-type?post=109252"},{"taxonomy":"property-state","embeddable":true,"href":"https:\/\/atinainmobiliaria.com\/nl\/wp-json\/wp\/v2\/property-state?post=109252"}],"curies":[{"name":"wp","href":"https:\/\/api.w.org\/{rel}","templated":true}]}}

Villa in mediterrane stijl in Balcón al Mar, Jávea!

<p>Deze indrukwekkende villa van twee verdiepingen, gebouwd in 1979, ligt op een bevoorrechte locatie in Balcón al Mar, Jávea, en biedt een ongeëvenaard panoramisch uitzicht op zee.</p>
<p>Het pand staat op een uitgestrekt perceel van 2.469 m² en heeft een prachtige privétuin rondom het huis, perfect om in alle privacy te genieten van het mediterrane klimaat. Het heeft onder andere een privézwembad, een eigen waterput en een privégarage met berging, waardoor het veel comfort en functionaliteit biedt. </p>
<p>Binnen biedt de villa vier ruime slaapkamers met inbouwkasten, drie complete badkamers, een wasruimte en een onafhankelijke en volledig uitgeruste keuken. Daarnaast heeft de lichte woon-eetkamer een open haard en grote ramen die direct toegang geven tot het terras, waar je kunt genieten van het uitzicht op zee terwijl je ontspant. </p>
<p>Alle deuren en ramen zijn voorzien van dubbel glas en tralies, waardoor veiligheid en isolatie gegarandeerd zijn.</p>
<p>Mis deze kans niet om in een van de beste hoeken van Javea te wonen! Neem contact met ons op voor meer informatie of om een bezichtiging te regelen. </p>
