{"id":35261,"date":"2026-03-10T17:55:39","date_gmt":"2026-03-10T17:55:39","guid":{"rendered":"https:\/\/atinainmobiliaria.testdcip.com\/properties\/garage-ferme-avec-places-de-parking-individuelles-situe-sur-la-plage-de-daimus\/"},"modified":"2025-11-21T11:45:27","modified_gmt":"2025-11-21T11:45:27","slug":"garage-ferme-avec-places-de-parking-individuelles-situe-sur-la-plage-de-daimus","status":"publish","type":"properties","link":"https:\/\/atinainmobiliaria.com\/fr\/properties\/garage-ferme-avec-places-de-parking-individuelles-situe-sur-la-plage-de-daimus\/","title":{"rendered":"Garage ferm\u00e9 avec places de parking individuelles situ\u00e9 sur la plage de Daim\u00fas,"},"content":{"rendered":"<p>Garage ferm\u00e9 avec places de parking individuelles situ\u00e9 sur la plage de Daim\u00fas, id\u00e9al pour prot\u00e9ger votre voiture ou votre moto. Prix \u00e0 partir de 18.000\u20ac.<\/p>\n","protected":false},"featured_media":13073,"template":"","meta":[],"property_categories":[197],"city":[67],"zone":[90],"property-type":[270],"property-state":[199],"class_list":["post-35261","properties","type-properties","status-publish","has-post-thumbnail","hentry","property_categories-vendre","city-daimus","zone-platja-de-daimus","property-type-garage-fr","property-state-vente"],"_links":{"self":[{"href":"https:\/\/atinainmobiliaria.com\/fr\/wp-json\/wp\/v2\/properties\/35261","targetHints":{"allow":["GET"]}}],"collection":[{"href":"https:\/\/atinainmobiliaria.com\/fr\/wp-json\/wp\/v2\/properties"}],"about":[{"href":"https:\/\/atinainmobiliaria.com\/fr\/wp-json\/wp\/v2\/types\/properties"}],"wp:featuredmedia":[{"embeddable":true,"href":"https:\/\/atinainmobiliaria.com\/fr\/wp-json\/wp\/v2\/media\/13073"}],"wp:attachment":[{"href":"https:\/\/atinainmobiliaria.com\/fr\/wp-json\/wp\/v2\/media?parent=35261"}],"wp:term":[{"taxonomy":"property_categories","embeddable":true,"href":"https:\/\/atinainmobiliaria.com\/fr\/wp-json\/wp\/v2\/property_categories?post=35261"},{"taxonomy":"city","embeddable":true,"href":"https:\/\/atinainmobiliaria.com\/fr\/wp-json\/wp\/v2\/city?post=35261"},{"taxonomy":"zone","embeddable":true,"href":"https:\/\/atinainmobiliaria.com\/fr\/wp-json\/wp\/v2\/zone?post=35261"},{"taxonomy":"property-type","embeddable":true,"href":"https:\/\/atinainmobiliaria.com\/fr\/wp-json\/wp\/v2\/property-type?post=35261"},{"taxonomy":"property-state","embeddable":true,"href":"https:\/\/atinainmobiliaria.com\/fr\/wp-json\/wp\/v2\/property-state?post=35261"}],"curies":[{"name":"wp","href":"https:\/\/api.w.org\/{rel}","templated":true}]}}

Garage fermé avec places de parking individuelles situé sur la plage de Daimús,

<p>Garage fermé avec places de parking individuelles situé sur la plage de Daimús, idéal pour protéger votre voiture ou votre moto. Prix à partir de 18.000€.</p>
