{"id":178278,"date":"2026-03-10T17:55:39","date_gmt":"2026-03-10T17:55:39","guid":{"rendered":"https:\/\/atinainmobiliaria.com\/properties\/villa-emerald-a-javea-luxe-moderne-avec-vue-panoramique-sur-la-mer-a-balcon-al-mar\/"},"modified":"2025-11-21T11:53:32","modified_gmt":"2025-11-21T11:53:32","slug":"villa-emerald-a-javea-luxe-moderne-avec-vue-panoramique-sur-la-mer-a-balcon-al-mar","status":"publish","type":"properties","link":"https:\/\/atinainmobiliaria.com\/fr\/properties\/villa-emerald-a-javea-luxe-moderne-avec-vue-panoramique-sur-la-mer-a-balcon-al-mar\/","title":{"rendered":"Villa Emerald \u00e0 Javea : luxe moderne avec vue panoramique sur la mer \u00e0 Balc\u00f3n al Mar"},"content":{"rendered":"<p>Villa Emerald : l&rsquo;\u00e9l\u00e9gance m\u00e9diterran\u00e9enne \u00e0 l&rsquo;\u00e9tat pur &#8211; Pr\u00e9sent\u00e9e par Atina Inmobiliaria<\/p>\n<p>Surplombant l&rsquo;une des zones les plus privil\u00e9gi\u00e9es de la Costa Blanca, la Villa Emerald appara\u00eet comme un joyau architectural qui red\u00e9finit le luxe contemporain. Situ\u00e9e dans l&rsquo;enclave convoit\u00e9e de Balc\u00f3n al Mar, cette r\u00e9sidence offre une exp\u00e9rience unique o\u00f9 le confort, le design et la nature se fondent en parfaite harmonie. <\/p>\n<p>D\u00e8s le premier instant, la Villa Emerald s\u00e9duit par ses vues panoramiques \u00e0 360 degr\u00e9s sur la mer, les montagnes et la vall\u00e9e. Chaque coin de la maison a \u00e9t\u00e9 con\u00e7u pour encadrer l&rsquo;environnement naturel, offrant une connexion constante avec le paysage m\u00e9diterran\u00e9en environnant. <\/p>\n<p>L&rsquo;int\u00e9rieur de la villa respire l&rsquo;espace et la lumi\u00e8re. De grandes fen\u00eatres permettent \u00e0 la lumi\u00e8re de baigner chaque espace, tandis que le style minimaliste apporte un sentiment de calme et de sophistication. La partie jour se compose d&rsquo;un salon-salle \u00e0 manger ouvert, qui donne sur une terrasse spectaculaire avec une piscine de 45 m\u00b2. Cette derni\u00e8re dispose d&rsquo;une zone peu profonde, id\u00e9ale pour se d\u00e9tendre au soleil ou pour profiter de la piscine en famille.   <\/p>\n<p>Les quatre chambres avec salle de bains, toutes avec vue sur la mer, vous garantissent intimit\u00e9, tranquillit\u00e9 et confort maximal. Chacune d&rsquo;entre elles a \u00e9t\u00e9 soigneusement con\u00e7ue pour offrir une retraite intime, o\u00f9 les d\u00e9tails font la diff\u00e9rence. <\/p>\n<p>Situ\u00e9e \u00e0 quelques minutes seulement des services essentiels tels que les supermarch\u00e9s, les restaurants et certaines des plages les plus embl\u00e9matiques de J\u00e1vea &#8211; Granadella, Portitxol ou Arenal &#8211; la Villa Emerald offre le meilleur des deux mondes : l&rsquo;intimit\u00e9 et la connexion. De plus, son emplacement est id\u00e9al pour ceux qui aiment les promenades en plein air, les randonn\u00e9es et les paysages m\u00e9diterran\u00e9ens, sans pour autant renoncer au confort. <\/p>\n<p>Avec une surface construite de 541 m\u00b2 sur un terrain de 1.000 m\u00b2, et 211 m\u00b2 de surface utilisable, cette propri\u00e9t\u00e9 repr\u00e9sente bien plus qu&rsquo;une maison : c&rsquo;est un mode de vie.<\/p>\n<p>Atina Inmobiliaria vous invite \u00e0 d\u00e9couvrir la Villa Emerald, o\u00f9 chaque d\u00e9tail a \u00e9t\u00e9 pens\u00e9 pour ceux qui recherchent quelque chose de vraiment sp\u00e9cial sur la Costa Blanca.<\/p>\n","protected":false},"featured_media":175637,"template":"","meta":[],"property_categories":[197],"city":[3],"zone":[21],"property-type":[233],"property-state":[199],"class_list":["post-178278","properties","type-properties","status-publish","has-post-thumbnail","hentry","property_categories-vendre","city-javea","zone-balcon-al-mar","property-type-villas-de-luxe","property-state-vente"],"_links":{"self":[{"href":"https:\/\/atinainmobiliaria.com\/fr\/wp-json\/wp\/v2\/properties\/178278","targetHints":{"allow":["GET"]}}],"collection":[{"href":"https:\/\/atinainmobiliaria.com\/fr\/wp-json\/wp\/v2\/properties"}],"about":[{"href":"https:\/\/atinainmobiliaria.com\/fr\/wp-json\/wp\/v2\/types\/properties"}],"wp:featuredmedia":[{"embeddable":true,"href":"https:\/\/atinainmobiliaria.com\/fr\/wp-json\/wp\/v2\/media\/175637"}],"wp:attachment":[{"href":"https:\/\/atinainmobiliaria.com\/fr\/wp-json\/wp\/v2\/media?parent=178278"}],"wp:term":[{"taxonomy":"property_categories","embeddable":true,"href":"https:\/\/atinainmobiliaria.com\/fr\/wp-json\/wp\/v2\/property_categories?post=178278"},{"taxonomy":"city","embeddable":true,"href":"https:\/\/atinainmobiliaria.com\/fr\/wp-json\/wp\/v2\/city?post=178278"},{"taxonomy":"zone","embeddable":true,"href":"https:\/\/atinainmobiliaria.com\/fr\/wp-json\/wp\/v2\/zone?post=178278"},{"taxonomy":"property-type","embeddable":true,"href":"https:\/\/atinainmobiliaria.com\/fr\/wp-json\/wp\/v2\/property-type?post=178278"},{"taxonomy":"property-state","embeddable":true,"href":"https:\/\/atinainmobiliaria.com\/fr\/wp-json\/wp\/v2\/property-state?post=178278"}],"curies":[{"name":"wp","href":"https:\/\/api.w.org\/{rel}","templated":true}]}}

Villa Emerald à Javea : luxe moderne avec vue panoramique sur la mer à Balcón al Mar

<p>Villa Emerald : l&rsquo;élégance méditerranéenne à l&rsquo;état pur &#8211; Présentée par Atina Inmobiliaria</p>
<p>Surplombant l&rsquo;une des zones les plus privilégiées de la Costa Blanca, la Villa Emerald apparaît comme un joyau architectural qui redéfinit le luxe contemporain. Située dans l&rsquo;enclave convoitée de Balcón al Mar, cette résidence offre une expérience unique où le confort, le design et la nature se fondent en parfaite harmonie. </p>
<p>Dès le premier instant, la Villa Emerald séduit par ses vues panoramiques à 360 degrés sur la mer, les montagnes et la vallée. Chaque coin de la maison a été conçu pour encadrer l&rsquo;environnement naturel, offrant une connexion constante avec le paysage méditerranéen environnant. </p>
<p>L&rsquo;intérieur de la villa respire l&rsquo;espace et la lumière. De grandes fenêtres permettent à la lumière de baigner chaque espace, tandis que le style minimaliste apporte un sentiment de calme et de sophistication. La partie jour se compose d&rsquo;un salon-salle à manger ouvert, qui donne sur une terrasse spectaculaire avec une piscine de 45 m². Cette dernière dispose d&rsquo;une zone peu profonde, idéale pour se détendre au soleil ou pour profiter de la piscine en famille.   </p>
<p>Les quatre chambres avec salle de bains, toutes avec vue sur la mer, vous garantissent intimité, tranquillité et confort maximal. Chacune d&rsquo;entre elles a été soigneusement conçue pour offrir une retraite intime, où les détails font la différence. </p>
<p>Située à quelques minutes seulement des services essentiels tels que les supermarchés, les restaurants et certaines des plages les plus emblématiques de Jávea &#8211; Granadella, Portitxol ou Arenal &#8211; la Villa Emerald offre le meilleur des deux mondes : l&rsquo;intimité et la connexion. De plus, son emplacement est idéal pour ceux qui aiment les promenades en plein air, les randonnées et les paysages méditerranéens, sans pour autant renoncer au confort. </p>
<p>Avec une surface construite de 541 m² sur un terrain de 1.000 m², et 211 m² de surface utilisable, cette propriété représente bien plus qu&rsquo;une maison : c&rsquo;est un mode de vie.</p>
<p>Atina Inmobiliaria vous invite à découvrir la Villa Emerald, où chaque détail a été pensé pour ceux qui recherchent quelque chose de vraiment spécial sur la Costa Blanca.</p>
