{"id":178237,"date":"2026-03-10T17:55:39","date_gmt":"2026-03-10T17:55:39","guid":{"rendered":"https:\/\/atinainmobiliaria.com\/properties\/elegance-contemporaine-et-vues-de-reve-villa-ulysses-sur-la-costa-blanca\/"},"modified":"2025-11-21T11:53:12","modified_gmt":"2025-11-21T11:53:12","slug":"elegance-contemporaine-et-vues-de-reve-villa-ulysses-sur-la-costa-blanca","status":"publish","type":"properties","link":"https:\/\/atinainmobiliaria.com\/fr\/properties\/elegance-contemporaine-et-vues-de-reve-villa-ulysses-sur-la-costa-blanca\/","title":{"rendered":"\u00c9l\u00e9gance contemporaine et vues de r\u00eave : Villa Ulysses sur la Costa Blanca"},"content":{"rendered":"<p>Villa Ulises : Architecture d&rsquo;avant-garde avec vue imprenable sur le Monte Olimpo, J\u00e1vea<\/p>\n<p>Imposante et minimaliste, la fa\u00e7ade de la Villa Ulises pr\u00e9sente des lignes \u00e9pur\u00e9es et des volumes modernes qui dialoguent avec l&rsquo;environnement naturel de Monte Olimpo, l&rsquo;un des quartiers r\u00e9sidentiels les plus exclusifs de J\u00e1vea. Cette enclave privil\u00e9gi\u00e9e offre une combinaison unique de vues panoramiques sur la mer M\u00e9diterran\u00e9e et les majestueuses montagnes du Montg\u00f3. <\/p>\n<p>Le design, aussi \u00e9l\u00e9gant que fonctionnel, est r\u00e9parti sur deux niveaux qui favorisent la lumi\u00e8re naturelle et le lien entre l&rsquo;int\u00e9rieur et l&rsquo;ext\u00e9rieur. Le rez-de-chauss\u00e9e abrite un spacieux salon-salle \u00e0 manger avec des fen\u00eatres allant du sol au plafond, une cuisine ouverte enti\u00e8rement \u00e9quip\u00e9e et une chambre avec salle de bains privative offrant une vue sur la mer. L&rsquo;\u00e9tage sup\u00e9rieur abrite la suite parentale &#8211; avec le point de vue le plus saisissant de toute la propri\u00e9t\u00e9 &#8211; et deux chambres suppl\u00e9mentaires avec acc\u00e8s \u00e0 des terrasses priv\u00e9es.  <\/p>\n<p>Chaque recoin de la villa t\u00e9moigne d&rsquo;une attention m\u00e9ticuleuse aux d\u00e9tails, du chauffage hydraulique par le sol aux finitions haut de gamme, en passant par le syst\u00e8me de domotique et la climatisation int\u00e9grale. L&rsquo;ext\u00e9rieur n&rsquo;est pas en reste : un jardin m\u00e9diterran\u00e9en parfaitement am\u00e9nag\u00e9, une spectaculaire piscine priv\u00e9e et un double abri pour voiture compl\u00e8tent cette exp\u00e9rience de vie exceptionnelle. <\/p>\n<p>Strat\u00e9giquement situ\u00e9e \u00e0 quelques minutes de la plage, des magasins, des \u00e9coles internationales et du club de golf, la Villa Ulises est synonyme d&rsquo;\u00e9quilibre entre le design contemporain, le confort et la nature.<\/p>\n","protected":false},"featured_media":173939,"template":"","meta":[],"property_categories":[197],"city":[3],"zone":[127],"property-type":[233],"property-state":[199],"class_list":["post-178237","properties","type-properties","status-publish","has-post-thumbnail","hentry","property_categories-vendre","city-javea","zone-cansalades","property-type-villas-de-luxe","property-state-vente"],"_links":{"self":[{"href":"https:\/\/atinainmobiliaria.com\/fr\/wp-json\/wp\/v2\/properties\/178237","targetHints":{"allow":["GET"]}}],"collection":[{"href":"https:\/\/atinainmobiliaria.com\/fr\/wp-json\/wp\/v2\/properties"}],"about":[{"href":"https:\/\/atinainmobiliaria.com\/fr\/wp-json\/wp\/v2\/types\/properties"}],"wp:featuredmedia":[{"embeddable":true,"href":"https:\/\/atinainmobiliaria.com\/fr\/wp-json\/wp\/v2\/media\/173939"}],"wp:attachment":[{"href":"https:\/\/atinainmobiliaria.com\/fr\/wp-json\/wp\/v2\/media?parent=178237"}],"wp:term":[{"taxonomy":"property_categories","embeddable":true,"href":"https:\/\/atinainmobiliaria.com\/fr\/wp-json\/wp\/v2\/property_categories?post=178237"},{"taxonomy":"city","embeddable":true,"href":"https:\/\/atinainmobiliaria.com\/fr\/wp-json\/wp\/v2\/city?post=178237"},{"taxonomy":"zone","embeddable":true,"href":"https:\/\/atinainmobiliaria.com\/fr\/wp-json\/wp\/v2\/zone?post=178237"},{"taxonomy":"property-type","embeddable":true,"href":"https:\/\/atinainmobiliaria.com\/fr\/wp-json\/wp\/v2\/property-type?post=178237"},{"taxonomy":"property-state","embeddable":true,"href":"https:\/\/atinainmobiliaria.com\/fr\/wp-json\/wp\/v2\/property-state?post=178237"}],"curies":[{"name":"wp","href":"https:\/\/api.w.org\/{rel}","templated":true}]}}

Élégance contemporaine et vues de rêve : Villa Ulysses sur la Costa Blanca

<p>Villa Ulises : Architecture d&rsquo;avant-garde avec vue imprenable sur le Monte Olimpo, Jávea</p>
<p>Imposante et minimaliste, la façade de la Villa Ulises présente des lignes épurées et des volumes modernes qui dialoguent avec l&rsquo;environnement naturel de Monte Olimpo, l&rsquo;un des quartiers résidentiels les plus exclusifs de Jávea. Cette enclave privilégiée offre une combinaison unique de vues panoramiques sur la mer Méditerranée et les majestueuses montagnes du Montgó. </p>
<p>Le design, aussi élégant que fonctionnel, est réparti sur deux niveaux qui favorisent la lumière naturelle et le lien entre l&rsquo;intérieur et l&rsquo;extérieur. Le rez-de-chaussée abrite un spacieux salon-salle à manger avec des fenêtres allant du sol au plafond, une cuisine ouverte entièrement équipée et une chambre avec salle de bains privative offrant une vue sur la mer. L&rsquo;étage supérieur abrite la suite parentale &#8211; avec le point de vue le plus saisissant de toute la propriété &#8211; et deux chambres supplémentaires avec accès à des terrasses privées.  </p>
<p>Chaque recoin de la villa témoigne d&rsquo;une attention méticuleuse aux détails, du chauffage hydraulique par le sol aux finitions haut de gamme, en passant par le système de domotique et la climatisation intégrale. L&rsquo;extérieur n&rsquo;est pas en reste : un jardin méditerranéen parfaitement aménagé, une spectaculaire piscine privée et un double abri pour voiture complètent cette expérience de vie exceptionnelle. </p>
<p>Stratégiquement située à quelques minutes de la plage, des magasins, des écoles internationales et du club de golf, la Villa Ulises est synonyme d&rsquo;équilibre entre le design contemporain, le confort et la nature.</p>
